)/10*(-24)/10 + 717791 a composite number?
False
Suppose 4*f = 7*o - 2*o - 6205, -3*f = -4*o + 4964. Let k = o - 296. Suppose 2*v - k = 53. Is v prime?
True
Let w be (-327)/(1/((-70)/2)). Let f = w + -5666. Is f a composite number?
False
Let z = -2599632 + 3870853. Is z composite?
True
Suppose 107*x - 587552 + 4815387 = 112*x. Is x a composite number?
False
Suppose -208603 = 15*c - 1334788. Is c a composite number?
False
Suppose 0 = 30*l - 3148 + 91528. Let z = l + 6383. Is z a prime number?
False
Let o(r) = -12*r**3 + 2*r**2 - r. Let l be o(1). Let w = 15 + l. Suppose 143 - 1315 = -w*m. Is m a composite number?
False
Suppose 404 = -4*g + 5*u, 5*g = -0*u - u - 505. Let y = 97 + g. Is y*(41425/20)/(-5) a composite number?
False
Suppose 281*v - 9331280 = -166*v + 78098791. Is v a prime number?
True
Let t be (10 - (-448)/(-72)) + 2/9. Is 169698/12 + t + 15/(-6) composite?
False
Let t = -8 + 15. Suppose 4*a - 8 = -20*m + 22*m, -5*m = a - 2. Suppose 6385 = t*u - a*u. Is u a prime number?
True
Let n(x) be the third derivative of 17*x**6/60 - x**5/60 + x**4/6 - x**3/3 - x**2. Let k(d) = 220*d + 1543. Let y be k(-7). Is n(y) a prime number?
True
Let p(o) be the second derivative of -30*o**3 + 6*o**2 - 3*o. Let r(l) = 1. Let d(k) = p(k) - 5*r(k). Is d(-5) prime?
True
Let d(r) = -19*r**3 + 6*r**2 + 6*r + 2. Let x be d(-4). Suppose -2*n + 5*o = -11797, n - o + x = 7184. Is n composite?
True
Let p be (-7)/(-21)*0 - 1. Is 663/(-3)*p + 2 + 0 a prime number?
True
Let h(c) = 4*c**2 + 38*c - 117. Let l be h(-27). Suppose -l = -2*v + 4945. Is v a composite number?
False
Suppose -32 + 6 = -4*r + 2*h, 4*r - 5*h = 35. Suppose -u + 2285 = 3*d, 3*d - 72 - 2237 = r*u. Is d composite?
True
Let d(c) = -c**3 + 11*c**2 - 11*c + 14. Let b be d(10). Suppose i - 1385 = 5*l - 6*l, -i = -b. Is l composite?
False
Let l = 62232 - 17429. Is l composite?
True
Let u be (1860/(-150))/(4/(-10)). Suppose 26*n - 1579 = -w + u*n, w = -n + 1555. Is w prime?
True
Let n = 249 - 240. Suppose -n*k = 6087 - 56694. Is k composite?
False
Let f(i) = -6*i - 58*i - 13*i + 17*i - 40*i + 9. Suppose 0*r - 13 = 3*r + l, -5*r - 17 = -3*l. Is f(r) composite?
False
Let k(x) = 818*x**2 - 89*x + 44. Is k(-9) a prime number?
True
Suppose -3*y + 73 = 5*z, 0*z - 30 = -2*z - 2*y. Let m be ((-12)/(-14))/(3/z). Suppose 0 = -0*q + m*q - 1084. Is q prime?
True
Let c(s) = 1875*s**2 + 79*s + 19. Is c(6) a composite number?
False
Suppose 2*w - 14247 - 151947 - 258136 = 0. Is w a prime number?
False
Let s(b) = 86*b**3 - 47*b**2 - 94*b + 29. Is s(18) a prime number?
False
Let g = -27094 + 44220. Is g prime?
False
Suppose 3*h = -4*d + 74930, d + 3*d + 4*h = 74932. Is d prime?
True
Suppose 25 = -5*l, 3*t - 5*l - 100344 - 193120 = 0. Is t prime?
True
Let i = -39 - -35. Let m(c) = 8*c**2 + 19*c + 30. Is m(i) composite?
True
Suppose -67*f + 18914584 = 27*f + 10*f. Is f composite?
False
Let u = -9542 + 22273. Is u composite?
True
Let j(q) = 7*q**3 - 7*q**2 - 5*q - 13. Suppose 2*x - 2*v + v - 16 = 0, 2*v = 5*x - 38. Is j(x) composite?
False
Suppose 24*w + 78 = 11*w. Let l(y) = -4*y**2 - 14*y + 4. Let q be l(w). Is (-4)/(-14) + (-7096)/q a composite number?
False
Is (7 - 1)*(-3 - -11 - (-647691)/22) a composite number?
True
Let y = -48 + 48. Suppose y = 3*g + 3*s - 21, s + 1 = 4. Suppose 9*d = -g*d + 1235. Is d prime?
False
Suppose 0 = -9*b + 5*b + 4. Let n be ((111/(-6))/(b/(-58)))/1. Let t = 108 + n. Is t a composite number?
False
Suppose -3*i = -r - 3, 0*i + 2*i - 3*r = 9. Let c(d) = -d**2 + 4*d - 1. Let g be c(i). Is (16 - -22)/(-1 - (-2 + g)) prime?
True
Let i = 147 - 154. Let h(f) = 49*f**2 + 10*f - 10. Is h(i) a prime number?
False
Let q = 3505 + 1903. Let h = 8 - 6. Suppose 3*a + 5*d - 3236 = 0, -3*a = h*a + d - q. Is a a prime number?
False
Suppose -5*j + 20591 = n, -314*j + 312*j + 61864 = 3*n. Is n a composite number?
True
Let h(c) = 31*c**2 - 2*c + 2. Let t be h(3). Let k(j) = 2*j**2 + 14*j - 4. Let p be k(-14). Let y = t - p. Is y prime?
True
Let v = 1923247 + -1369718. Is v a prime number?
True
Let w be (-1 - -42)*99/(-9). Let n = w - -15878. Is n composite?
False
Suppose 3*r + 3188433 = 144*r. Is r composite?
False
Let j be (-2 - -2) + (-3 - 67961). Let m be 415/(-45) + 9 + j/18. Is (-4)/(-12) - m/3 a prime number?
True
Let q(d) = -192*d + 1229. Is q(-55) prime?
True
Suppose 0 = -5*b - 3*x + 114 + 11, 0 = b - 4*x - 25. Suppose 5*v = -4*g - b, v = -g - 2*g - 5. Suppose g = w - 4651 + 1488. Is w a prime number?
True
Let m = -627143 + 1191142. Is m composite?
False
Suppose -r + 291057 = 2*y, y - 145546 = 18*r - 15*r. Is y a prime number?
True
Let j(p) = 145*p**2 - 66*p - 190. Is j(-3) a prime number?
False
Suppose -1568 - 27051 = 4*d - 3*j, 3*d = -5*j - 21486. Let h = d + 17040. Is h composite?
False
Let n(z) = 287*z**3 + 2*z**2 - 13*z + 223. Is n(8) a prime number?
False
Let p(j) = j**3 - 8*j**2 - 17*j - 21. Let x be p(10). Suppose x*g = 4*g - 2*i + 22911, -i = -g + 4585. Is g composite?
False
Let j be (-18)/(-15)*(-5)/3 - (-1 + 4). Let m(c) = -87*c + 2 + 29*c - 101*c. Is m(j) a prime number?
True
Suppose -5103*i + 5100*i + 3*m = -357786, -4*i + 477043 = -5*m. Is i a prime number?
True
Suppose 16*r + 10*r = -26. Is r/5 + (-320148)/(-90) a prime number?
True
Let n(z) = z**3 - 4*z**2 - 7*z - 26. Let m be n(6). Let b(u) = 224*u**2 + 8*u - 3. Is b(m) a composite number?
False
Is ((-368565)/(-45))/(1*(3 + (-24)/9)) composite?
False
Let v be (-72)/(-32)*8/6. Suppose -2*s + 4963 = v*k, 3*k + 4*s = -s + 4951. Is k a composite number?
False
Let z(q) = 0*q + 7*q - 8*q - 3 + 3*q. Let g be z(3). Suppose 3*s + 4*a = 879, 89 + 790 = g*s - 2*a. Is s a prime number?
True
Let m = -103872 - -153582. Suppose -58*h + 64*h = m. Is h a composite number?
True
Suppose -5*c + 7705 = -340. Suppose 476 + c = 5*m. Is (m/6)/((-3)/(-6)) composite?
False
Let x(b) = -b**2 - 10*b - 9. Let n be x(-4). Let c = n + -10. Suppose 258 = c*i - 517. Is i a prime number?
False
Let y(i) = 308*i - 5. Let c(p) = 2*p - 1. Suppose -5*x = 5*f - 17 + 2, 5*f - 5*x + 25 = 0. Let d(a) = f*y(a) + 2*c(a). Is d(-1) a prime number?
True
Let w(q) = -4*q + 55. Let s be w(13). Suppose 2 = i, u = 6*u + s*i - 12901. Is u composite?
False
Let f(a) = -39*a**2 + 10*a - 17. Let l be f(6). Let d = 2178 + l. Is d a composite number?
True
Let x be -10*(1105/(-2) + -2). Suppose 39323 = 12*b - x. Is b a prime number?
True
Suppose -2*b - 3*w - 37 = 0, w = 5*b - 4*w + 30. Let y be (b/(-33) - 10/(-6)) + 705. Suppose -2*k = -3*k + y. Is k a prime number?
False
Suppose 0 = -15*m + 4*o + o + 1740420, 4*m - 464120 = 4*o. Is m a prime number?
True
Let b be (-294808)/129 + 10/(-6). Let p = b - -4136. Is p a composite number?
True
Let z = 45 + -101. Let i = 57 + z. Is (-5 + i)*2/(12/(-2901)) composite?
True
Let q(z) = -30*z - 230. Let t be q(-31). Is ((-3925)/t - (-2)/(-14))*-1796 prime?
False
Suppose 32*q + 3440 = 3*q + 17331. Is q a prime number?
True
Let c be 5 - (-1 + 7 + -5). Suppose 0*h + 8639 = c*t - 5*h, -2*h + 6485 = 3*t. Is t prime?
True
Suppose -3*g + 4*p + 170 = 0, -2*p = -2*g - 4*p + 118. Suppose g*k + 352532 = 904518. Is k a prime number?
False
Let x(u) = 42*u**2 + 22*u - 1249. Is x(30) prime?
False
Suppose -12*x - 16090 = 23210. Let u = -1417 - x. Is u a prime number?
False
Let g(v) = -v**3 - 11*v**2 - 7*v + 7. Suppose -4*s - 44 = -4*j, -5*j = -s - 42 + 3. Suppose 5*x + 59 = d, 5*d - j = -0*x + x. Is g(x) prime?
False
Let g = 46602 - 16049. Is g prime?
True
Suppose -5*t + 6*i + 15 = 5*i, -2*t + 14 = -2*i. Suppose 2*r = 5*r + 3*c - 15996, -5*r + 26663 = t*c. Is r a composite number?
False
Let l = 303261 - 166318. Is l composite?
False
Let x(q) = -3*q**2 + 30*q + 8. Let o(t) = t - 1. Let z(c) = 4*o(c) - x(c). Let s(f) = 2*f**2 - 26*f - 13. Let k(y) = -3*s(y) + 4*z(y). Is k(11) a prime number?
True
Let a(o) = 177*o**2 + 6*o + 203. Let m be a(19). Suppose 6*d - m = 137860. Is d a prime number?
True
Let i be 10/(-50) - (-32)/10. Suppose -2*g + 17095 = i*s, -5*s = g + 3*g - 34187. Is g composite?
False
Let c(f) = -f. Let b(o) = -4*o + 1. Let x(t) = 2*b(t) - 10*c(t). Let v be x(1). Suppose -v*u + 2657 + 1891 = 0. Is u a composite number?
True
Is 6920 - -3 - (-70)/(-7) composite?
True
Let d = 7 - 0. Let i(x) = 18*x - d + 5*x**3 - 3*x**3 - 3*x**3 - 8*x**2 - 4*x. Is i(-10) a prime 